- 39, 22 = -2*k - 5*l. Let j be (-1302)/(-9) + 4/k. What is the greatest common factor of j and 18?
18
Suppose 2*w - w - 121 = -3*a, 185 = 5*a + 5*w. Let k be (-6 - 1)*1*-2. Calculate the greatest common factor of a and k.
14
Let s be (14/(-3) - -4)*-21. Calculate the greatest common divisor of 98 and s.
14
Suppose -5*p - 25 = -10*p. Suppose -p*g + 56 + 14 = 0. What is the highest common divisor of 35 and g?
7
Let q = -126 + 136. Calculate the greatest common divisor of 6 and q.
2
Let h = -4 + 8. Suppose h*u - 15 = u. Let v = 125 - 80. Calculate the highest common factor of u and v.
5
Let o = 12 - 9. Let p(j) = 11*j - 5. Let t be p(o). Calculate the greatest common factor of 224 and t.
28
Let n(w) = -w**2 + 8*w + 2. Let f be n(8). Suppose -q - l - 17 = -f*q, 4*l = 0. What is the greatest common factor of q and 187?
17
Let s = -8 + 12. Let n be 2/(-8) + 1/s. Suppose n = -z + g + 102, -z + 5*z - 380 = -3*g. What is the greatest common factor of 14 and z?
14
Let d = 24 - 12. Let c(y) = y**2 - 10*y - 17. Let n be c(d). Calculate the highest common factor of 35 and n.
7
Let c = 10 + -9. Let u be (4/1)/1*c. Let o(k) = -2*k**3 - 2*k**2 + k + 2. Let m be o(-2). Calculate the greatest common factor of m and u.
4
Suppose -4*a + 44 - 2 = 2*h, -4*a - 4*h = -32. What is the highest common divisor of a and 26?
13
Let m(t) = -4*t - 6. Let x = -20 + 11. Let z be m(x). What is the highest common factor of z and 45?
15
Suppose -f + 5*n + 75 = 0, 0 = -2*f + 3*f + 3*n - 99. Suppose l = 5 - 1. Let q be 43/3 + l/6. Calculate the greatest common factor of f and q.
15
Suppose 4*n = -a + 30, -n = -a - 0*n + 10. What is the greatest common factor of a and 56?
14
Let b(h) = 2*h + 6. Let c be b(-3). Suppose 4*m - 117 + 37 = c. Suppose 20 = k + 4*k. What is the highest common factor of k and m?
4
Let l = 8 + 10. What is the greatest common divisor of 9 and l?
9
Let p be (-52 - 4)*((-3)/(-6) + -1). Calculate the highest common factor of 56 and p.
28
Let c be 2*(9 - 5) + (1 - 2). What is the highest common divisor of c and 56?
7
Suppose -5 = 5*a - 80. Calculate the highest common divisor of 15 and a.
15
Suppose -88 = -2*n + 3*p + 94, 0 = -2*n + 2*p + 180. Let g be n/(-2 + (-8)/(-3)). What is the greatest common divisor of g and 22?
22
Let r(f) = 4*f + 1. Let v be r(1). Suppose -1 - 19 = -v*p. Calculate the greatest common factor of p and 4.
4
Let y(h) = 3*h + 40. Let a be y(-4). Suppose -2*b - 392 = -4*b. Calculate the greatest common divisor of b and a.
28
Suppose -c - 5*j + 253 = -4*c, 0 = j - 2. Let q = c + 151. What is the highest common divisor of q and 28?
14
Let p(x) = x + 60. Let q(k) = k**3 - 7*k**2. Let t be q(7). Let v be p(t). Calculate the greatest common divisor of v and 24.
12
Suppose 4*g + 26 = 2*n, -n = 5*g - 2*g + 12. Suppose -n*x - 2*x = 0. Suppose 0 = 2*t - x*t - 22. Calculate the highest common factor of t and 77.
11
Let q = 3 - 5. Let a be -3*(-1)/((-2)/q). Suppose -a = 2*k + 5*c - 50, -4*k - 4*c + 64 = 0. Calculate the greatest common divisor of 55 and k.
11
Let s(w) = w + 3. Let b be s(4). Let t be -2 - (406/(-14))/(2/4). What is the highest common factor of t and b?
7
Let r be (-2)/6 + (-80)/(-6). Let c be 0 - ((-7000)/180 - (-2)/(-18)). Calculate the greatest common divisor of c and r.
13
Let d(n) = n**2 - 2*n**2 + 0 + 4 + 6*n. Let o be d(6). Suppose -78 = -5*z - o*f, -5*f - 23 = 5*z - 103. What is the greatest common divisor of 70 and z?
14
Suppose 2*a + 16 = 4*d + 6*a, -3*d + 12 = -2*a. Suppose -o + 4 = -d. Calculate the greatest common factor of o and 4.
4
Suppose -5*b + 12 = -3*b. Let i be (-14)/(-18) + b/27. Calculate the highest common factor of 9 and i.
1
Suppose 3*l + u - 211 = -0*u, 3*l = 3*u + 231. What is the highest common divisor of l and 48?
24
Let n(x) = x + 2. Let k be n(-2). Suppose -4*r + r + 60 = k. Suppose 0 = -b - b + r. Calculate the greatest common factor of 70 and b.
10
Let p be -7 + (2 - 2) + 2. Let z = p - 14. Let s = 7 - z. What is the highest common factor of s and 39?
13
Let f be ((-12)/9 - 0)*-3. What is the greatest common divisor of 12 and f?
4
Let l(u) = -2*u**2 - 16*u + 25. Let a be l(-9). Calculate the highest common factor of 2 and a.
1
Let c = 7 - -2. Let i be (3 + (-24)/c)*9. Suppose -x + 22 = 5*t - 6, 5*t + i*x - 34 = 0. What is the greatest common divisor of 25 and t?
5
Let s(c) = -c**3 - 8*c**2 + 9*c + 9. Let j be s(-9). What is the highest common divisor of 9 and j?
9
Suppose 0 = 7*f - 3*f. Let h = 4 + f. Calculate the highest common divisor of h and 4.
4
Suppose -4*k = -i - 117, 7 = -k - 3*i + 46. Calculate the greatest common divisor of 45 and k.
15
Suppose 0 = -13*g - 226 + 850. What is the greatest common factor of g and 6?
6
Let x be (0 + 1)*(-18)/(-1). Suppose k + 0 + 3 = 0. Let j be k/(((-12)/8)/1). Calculate the greatest common divisor of j and x.
2
Let k = 18 + -10. What is the greatest common divisor of 8 and k?
8
Suppose -4*i + 12 = 0, i + 2*i = p - 71. What is the highest common divisor of 8 and p?
8
Suppose -6*v + 2*v - 3*n = -20, 4*n - 20 = -4*v. Let p be (-3 + (-24)/(-5))*v. Calculate the highest common factor of 6 and p.
3
Suppose -3*k + 13 = -17. Let z = -18 - -78. Suppose 5*t - 5*h - 45 = 30, -z = -4*t - 5*h. Calculate the greatest common factor of t and k.
5
Let g(r) = 5*r + 22. Let t be g(5). Calculate the highest common factor of 423 and t.
47
Let n = 3 + 11. What is the highest common divisor of 126 and n?
14
Let t(s) be the second derivative of -s**5/5 - s**4/6 - s**3/3 - s**2/2 - s. Let p be t(-1). Let l = 65 + -56. Calculate the highest common factor of l and p.
3
Suppose 0 = 2*i - 3*d + 7, i = 2*d - 7*d + 3. Let l be (-1 - i) + 1*134. Calculate the highest common divisor of 15 and l.
15
Let y = 19 + -14. Suppose 2*l + 78 = i, -i = 2*i - y*l - 235. Suppose -2 = -h + 6. What is the highest common divisor of i and h?
8
Let t(l) = 8*l**3 + 2*l**2. Let h be t(2). Calculate the highest common divisor of h and 8.
8
Let s be ((-72)/(-30))/((-2)/(-150)). What is the greatest common factor of 18 and s?
18
Suppose -11*z + 9*z + 64 = 0. Let n be (2 + z/6)*3. What is the highest common factor of n and 2?
2
Let i be (-2)/(-11) + 2/(-11). Suppose i = 3*o - 30. Let m = 45 + -15. Calculate the greatest common factor of o and m.
10
Let a(i) = -i**3 + 7*i**2 + 8*i + 9. Let d = 2 + 5. Let c be a(d). Let y = 87 + -61. What is the greatest common divisor of c and y?
13
Let b(y) = -y**2 + 20*y - 44. Let s be b(14). What is the highest common factor of s and 30?
10
Let w(c) = c - 1. Let h be w(4). Suppose -3*y + 134 = y - h*p, 4*y = 4*p + 136. What is the highest common divisor of 48 and y?
16
Let f = 96 + -39. Let h = 19 - 0. What is the greatest common factor of f and h?
19
Suppose 2*t = -3*t + 4*q + 52, -2*t + 3*q + 25 = 0. What is the greatest common factor of 64 and t?
8
Let g = 50 - 28. Let k(h) = 1 - h + 1 + g*h. Let n be k(3). What is the highest common divisor of n and 26?
13
Let j(f) = f**3 - 4*f**2 - 4*f - 1. Let b be j(5). Let k be (61/(-2))/(b/(-8)). Suppose 257 = 4*y + k. What is the greatest common factor of 7 and y?
7
Let x(t) = 4*t**3 - 13*t**2 - 10*t - 7. Let s(k) = -k**3 - k - 1. Let w(o) = 5*s(o) + x(o). Let q be w(-12). Calculate the greatest common factor of 3 and q.
3
Let g(o) = 2*o + 2. Let t be g(-3). Let u be (9/4)/(t/(-96)). Calculate the greatest common divisor of u and 18.
18
Suppose 3*b + 5 = 4*a + 27, -b = 5*a - 20. Suppose -3*k + k = -b. What is the greatest common divisor of k and 35?
5
Let y = -10 + 17. What is the highest common factor of y and 56?
7
Let q(s) = -s**3 + 11*s**2 - 9*s - 3. Let f be q(10). Let a(p) = -p**2 + 7*p + 10. Let v be a(f). Calculate the greatest common factor of v and 20.
10
Suppose -38 = -4*h - 2*z, 22 = 5*h + z - 24. What is the greatest common divisor of 81 and h?
9
Suppose q = -4*u + u + 157, -5*u + 250 = 4*q. Let h(s) = -15*s - 3. Let v be h(-2). Calculate the greatest common divisor of u and v.
27
Let x = -2 + 37. Suppose x = w - j - 4*j, -2*w + 2*j = -46. What is the greatest common divisor of 30 and w?
10
Let d(t) = 6*t**2 + 4*t. Let o be d(-3). Let h = o - 29. Let r be 8/6 - (-1345)/15. Calculate the highest common divisor of r and h.
13
Suppose 3*i - 328 = -4*f, 0 = f - 4*f - 6. Calculate the highest common divisor of i and 28.
28
L